ivisor of g and 5?
5
Let c(a) = -2*a - 81*a**3 - 3*a + a + 5*a. Let v be c(-1). Calculate the highest common divisor of 8 and v.
8
Let h = 159 + -60. What is the greatest common divisor of h and 11?
11
Let i = 1 - -7. Let g = i + -6. Calculate the highest common factor of 2 and g.
2
Let c be 1 - (-1)/((-2)/(-152)). Let b(j) = 3*j**2 - 17*j - 21. Let r be b(7). Calculate the greatest common factor of r and c.
7
Let r be (11/(-2))/((-1)/(-2)). Let g = r - -23. Suppose 8*p + 4*h = 4*p + 36, 15 = 2*p + h. Calculate the highest common divisor of p and g.
6
Suppose -2*m + 0*m = -72. What is the greatest common divisor of 18 and m?
18
Let h(z) = 2*z**2 - 5*z + 2. Let f be h(3). Let s be (f + -3 + -1)*-4. Let q be (28 + -1)/((-6)/s). Calculate the greatest common divisor of q and 2.
2
Let u(n) = 2*n + 6. Let w be u(-3). Suppose y - 3*h = 2*h + 39, -5*y + 5*h + 115 = w. Calculate the highest common divisor of 152 and y.
19
Let o = 85 + -61. Let t = -12 + 24. Suppose -t = f - 2*f. What is the greatest common divisor of o and f?
12
Let v = 1 + 3. Calculate the highest common factor of v and 2.
2
Suppose 4*w = 5*r - r - 28, 2*w - 4*r + 14 = 0. Let c = w + 11. Let j = 32 + -20. What is the highest common factor of j and c?
4
Let m = -172 + 120. Let g be m/(-6)*(-42)/(-4). Calculate the greatest common factor of 13 and g.
13
Let m(i) = -9*i - 2. Let h be m(2). Let g be 56/5 + 4/h. What is the greatest common factor of g and 22?
11
Suppose 3*p = 5*y - 978, 0*y + 2*y - 2*p = 388. What is the highest common divisor of 22 and y?
22
Suppose 8 = -5*j + 28. Suppose 4*w = 41 - 129. Let h be (w/(-1))/1 + -2. What is the greatest common factor of h and j?
4
Let v = 10 + -12. Let n be 1*((-1 - -2) + -2). Let l be (6 + v)/(n - -2). What is the highest common factor of l and 1?
1
Let v be ((-3)/(-5))/((-5)/(-25)) - 5. Let p(n) = -29*n - 1. Let j be p(-1). Let k be (j*v/(-4))/1. Calculate the greatest common factor of k and 42.
14
Suppose -12*y + 357 = 5*y. What is the greatest common factor of 231 and y?
21
Suppose -4*z + 8 = 2*d, -2*z + 0*d = 4*d - 16. Suppose z = -b - 2*m + 20, -3*m = b - 2*b. Let l = -1 + 13. Calculate the highest common divisor of l and b.
12
Let j be 357/35 + (-2)/10. Suppose j = 4*p - 30. Calculate the greatest common divisor of p and 30.
10
Suppose 0*f = 3*f - 9. Suppose 2*h = -f*h + 250. What is the highest common factor of h and 10?
10
Suppose -4*s - s - 2*q = -167, 4*q = s - 51. Let g = 21 - 16. Calculate the greatest common factor of g and s.
5
Suppose 0 = -2*n + n. Suppose n = o + 2*o - 42. Calculate the highest common divisor of o and 42.
14
Let n(z) = 2*z**2 - 2 - 3*z + z**2 - 4*z**2. Let u be n(-4). Let x(k) = -9*k. Let d be x(u). Calculate the highest common divisor of 6 and d.
6
Suppose 6*b - 180 = b. Let q = 2 - -2. Calculate the highest common divisor of b and q.
4
Suppose 1 + 2 = x. Suppose x = 2*d - 29. Calculate the greatest common divisor of 2 and d.
2
Suppose 2*d + 4 = -0*d. Let q(u) = 4*u**2 - 2*u - 2. Let t be q(d). What is the greatest common factor of t and 144?
18
Let o(i) = -i + 13. Let b = 14 - 8. Let w be o(b). Calculate the greatest common factor of w and 77.
7
Let n(k) = k**2 + 2*k - 1. Let p be n(4). What is the highest common divisor of 23 and p?
23
Let w = 15 + 0. Let a = 30 - w. Let h(y) = -14*y**3 + 2*y**2 - 1. Let x be h(-1). Calculate the greatest common divisor of a and x.
15
Let s(g) be the second derivative of -g**5/20 - 7*g**4/12 + g**3 - 7*g**2/2 + 5*g. Let b be s(-8). Calculate the greatest common divisor of 99 and b.
9
Suppose -2*j - 4 = 3*j - z, 4 = 3*j + z. Suppose j = -4*m - 18 + 74. Let r be 242/m + (-6)/21. Calculate the highest common factor of r and 51.
17
Suppose v - 24 = 4*r, -96 = -4*v - r + 4*r. Let x = -11 + 19. Calculate the highest common factor of v and x.
8
Suppose -5*y = -f - 64, -3*y + 4*f - f + 36 = 0. Let a = 4 + -12. Let m be a/((-8)/4) - -61. Calculate the highest common divisor of y and m.
13
Let t = 40 - 25. Suppose 0 = 2*j - 105 - 45. Calculate the highest common factor of j and t.
15
Suppose 48 = 23*p - 19*p. What is the greatest common divisor of p and 24?
12
Let o(x) = -x**2 - 14*x - 14. Let k be o(-12). Suppose 0 = -k*n + 7*n + 18. Calculate the highest common divisor of n and 4.
2
Let b be 2 - 0 - (21 - 4). Let q = 26 + b. What is the greatest common factor of q and 1?
1
Let m = -14 - -16. Let o(i) = 6*i**3 + 2*i**2 - 2. Let x be o(m). What is the greatest common factor of 18 and x?
18
Let b be (-40)/16*(-32)/5. Suppose -4*v + 58 = -38. What is the highest common factor of v and b?
8
Let v(q) = -5*q**3 - 2*q - 2. Let p be v(-1). Suppose o + 2*o - 73 = p*d, 3*d + 27 = o. Calculate the greatest common divisor of o and 168.
21
Let q be 0 - 2/(-1 + -1). Let v = 8 + -7. Calculate the highest common factor of v and q.
1
Let s(w) = -w**3 - 8*w**2 - 7*w + 4. Let t be s(-7). Suppose 3*o - 66 = -2*o + t*x, -3*x = -5*o + 62. Calculate the greatest common factor of o and 110.
10
Let p(q) = -q**3 - 3*q + 48. Let a be p(0). What is the highest common factor of a and 84?
12
Suppose 0 = 3*y - 7*y + 16. What is the highest common factor of y and 28?
4
Let l be ((-18)/45)/(2/(-20)). Suppose 0 = -3*j + 2*j - l*f, 0 = 3*j + 3*f - 27. Calculate the greatest common factor of j and 84.
12
Let f be -6*-8*(-39)/(-18). Let k(s) = -s**3 - 5*s**2 + 10*s + 37. Let i be k(-6). Calculate the highest common factor of f and i.
13
Let p = -204 - -344. Calculate the highest common factor of p and 14.
14
Suppose 0*c = -4*c + 28. Suppose 4*y + 4*l - 52 = 0, -y = 3*l - c*l - 8. Suppose 3*h + y - 51 = 0. What is the highest common divisor of h and 26?
13
Suppose -3 = 2*p - 19. Let i = p - 5. Suppose -i*h + 22 = -20. Calculate the highest common factor of h and 35.
7
Suppose 0 = 5*q + 5, -5*r + 2*q + 192 - 35 = 0. What is the highest common factor of 124 and r?
31
Suppose -4*l - l - q + 269 = 0, -2 = 2*q. Calculate the highest common factor of 18 and l.
18
Let f be 2*2/((-4)/(-15)). Calculate the highest common factor of 60 and f.
15
Let m be (-1)/((-4)/8) - 14. Let q be (-1050)/45*m/5. What is the greatest common divisor of q and 7?
7
Let l(w) = 3*w**2 + 4. Let y be l(6). What is the greatest common divisor of 28 and y?
28
Suppose 2*v = -v + 1920. Suppose i - 160 = -4*u, 3*i + i - u = v. What is the highest common divisor of 20 and i?
20
Let v(s) = -11*s**3 - 2*s**2 + 2*s - 1. Let w be v(1). Let c = w + 17. What is the greatest common factor of c and 55?
5
Let i(c) = -3*c**2 - 54*c + 8. Let a be i(-16). Calculate the highest common divisor of a and 13.
13
Suppose 6*t - 37 = 5*t. What is the highest common factor of 333 and t?
37
Let r = 457 + -219. What is the greatest common divisor of r and 34?
34
Let s(a) = a**2 - 12*a + 23. Let v be s(10). Calculate the highest common factor of v and 3.
3
Let c be 18/4*(-10)/(-3). Let w(h) = c*h**2 + 9*h**2 + 1 - 8*h**2. Let k be w(-1). What is the greatest common divisor of k and 153?
17
Let b(p) = p**3 - 2*p**2 + 3*p + 4. Let r be b(3). Calculate the greatest common factor of r and 55.
11
Let b = -74 - 10. Let x = 147 + b. What is the greatest common factor of 7 and x?
7
Let b(i) = -22*i**2 - 2*i - 2. Let c be b(-1). Let a = -12 - c. What is the greatest common divisor of a and 40?
10
Let c(u) = -4*u - 14. Let d be c(-8). Let i be d + 9*4/12. Calculate the greatest common divisor of i and 189.
21
Let t(a) = a - 7. Let d be ((-6)/(-3))/(2/11). Let q be t(d). What is the greatest common divisor of q and 32?
4
Suppose -3*q + q + 6 = 0. Suppose -4*j - y + 64 = 0, q*y - 31 = -j - y. Let u be -2*1 + (j - -1). Calculate the greatest common divisor of 70 and u.
14
Let q(n) = n**3 - 6*n**2 + 8*n - 10. Let i be q(7). Let g(f) = -f. Let o be g(-2). Suppose o*z - 46 = 30. What is the highest common factor of i and z?
19
Suppose 3*h = 5*l - 60 - 135, 0 = -5*h + 25. Suppose -30 = -j - 4*j. What is the highest common factor of l and j?
6
Let o = -131 + 171. What is the highest common factor of o and 5?
5
Let x(c) = -c - 2. Let p be x(-5). Suppose -v + z - 2 = -p, 0 = -4*v - 3*z + 39. What is the greatest common factor of v and 66?
6
Let w = -190 + 200. Suppose -3*h + 4 + 3 = 5*q, 3 = 5*q + 2*h. Let n(l) = -81*l - 1. Let y be n(q). Calculate the highest common divisor of y and w.
10
Sup